actors of g(-13)?
19
Let b(t) be the first derivative of 5*t**2/2 - 5*t - 4. List the prime factors of b(4).
3, 5
Suppose -1 - 27 = 4*n. Let z(u) = 4*u + 5*u + 8*u**2 + 9 - u + u**3. List the prime factors of z(n).
2
Suppose -1 - 52 = -t. List the prime factors of t.
53
Suppose -372 = -4*r + 3*l, -4*r = -l + 24 - 388. Suppose -4*m = -7*m + r. List the prime factors of m.
2, 3, 5
Let w = 115 + -7. List the prime factors of w.
2, 3
What are the prime factors of (4*(-2)/(-10))/(2/430)?
2, 43
Suppose 3*m = -0*m - 3. Let t be (m/(-3))/(2/(-30)). List the prime factors of (-1 + 10)/(t/(-10)).
2, 3
Suppose -6*f + f = -2*y + 1, -5*f - 5*y = 15. Suppose -1 = 4*v - 9. List the prime factors of 4*(f + 3/v).
2
Suppose 4*t - i - 116 = 3*i, -5*i - 15 = 0. Suppose -t - 15 = -w + 3*n, -5*w + 269 = n. List the prime factors of w.
53
Suppose -11*q - 342 = -17*q. What are the prime factors of q?
3, 19
List the prime factors of (-6)/(-3) + (39 - 0).
41
Suppose 5*g - 30 = -10. Let s(z) = z**2 + 10*z + 5. Let d be s(-10). Suppose d = g*u - 35. List the prime factors of u.
2, 5
Let x = 33 + -10. What are the prime factors of x?
23
Let a = -5 + 13. What are the prime factors of a?
2
Let h(c) = c**2 - 3*c - 4. Let z = -13 - -18. What are the prime factors of h(z)?
2, 3
Let x = 73 - 37. Let v(b) = b**2 - 4*b - 1. Let t be v(5). Suppose -t*w + w = -x. List the prime factors of w.
2, 3
Suppose -u + 2*f + 9 = -1, -u = -f - 13. List the prime factors of u.
2
What are the prime factors of (-1)/(-3) + -213*(-1)/9?
2, 3
Let m(k) = -3*k + 34. What are the prime factors of m(0)?
2, 17
Let w(x) = x**3 - 5*x**2 + 1. Let h be w(5). List the prime factors of 3 + (3 - h - -7).
2, 3
Suppose -5*v - 80 = -0*v. List the prime factors of (1*-4)/(2/v).
2
Suppose 0 = 61*d - 66*d + 960. What are the prime factors of d?
2, 3
What are the prime factors of (-4)/(-10) - -599*(-10)/(-25)?
2, 3, 5
Let k be (-3)/(-6) + 38/(-4). List the prime factors of (-13 - 2)*6/k.
2, 5
Suppose -2 - 6 = 4*g. Let o = -1 - g. Let l = o - -5. List the prime factors of l.
2, 3
Let u = -7 + 11. What are the prime factors of ((-40)/(-14))/(u/14)?
2, 5
Suppose -f + 3*a + a - 6 = 0, 3*a - 4 = f. What are the prime factors of 0/f + 30/3?
2, 5
Suppose -2*w + 14 + 6 = 0. Let a = 15 - w. What are the prime factors of a?
5
Let z(o) = -4*o - 4. Let l be z(-3). Suppose 15 = -3*h - 0*h. Let n = l + h. List the prime factors of n.
3
Suppose 2*a = -2*y + 104, 5*a = y - 0*a - 76. Suppose 0 = 4*v - 4*z - y, -5*v + 12 + 68 = 5*z. What are the prime factors of (-2)/5 + 186/v?
2, 3
Let u = 8 + -13. Let y = u - -2. What are the prime factors of 10 - (1 - -2)/y?
11
Suppose -5 = 5*c + 15, z + 40 = 4*c. List the prime factors of (126/z)/(3/(-16)).
2, 3
Let k(u) = -19*u. Let m be k(1). Let w = -33 - -22. Let j = w - m. What are the prime factors of j?
2
Suppose 0*q = 4*q - 64. Suppose z + q = -3*z, -2*i - 5*z = -8. What are the prime factors of i?
2, 7
Suppose -60 = 6*x - 10*x. List the prime factors of x.
3, 5
Let k = 48 - 24. List the prime factors of (-1 + -6)*k/(-14).
2, 3
Suppose -g = g + 2. Let i be -2 + (2 - g) - -1. What are the prime factors of i/(-4)*-10*1?
5
Suppose 4*h + 0*h - 268 = 0. Let k = h - 42. List the prime factors of k.
5
Let n(y) = 15*y + 15. Let u(p) = 7*p + 7. Let m(v) = 4*n(v) - 9*u(v). Let f be m(-2). Suppose -f = -5*j + 72. What are the prime factors of j?
3, 5
Let j(n) = -n**3 + 9*n**2 + 2*n + 23. What are the prime factors of j(7)?
3, 5
What are the prime factors of (4/(-2))/((-2)/2)?
2
Suppose -3*a + 68 = m, -272 = -2*m - 2*m - 2*a. List the prime factors of m.
2, 17
Let y(p) = 205*p - 208*p - 3 + 0 + p**2. What are the prime factors of y(-2)?
7
Let q(w) = -3*w - 8. Let s be q(-6). Let t be (s/4)/(3/12). Suppose -p + t = x, 3*x = 2*p + 34 - 9. What are the prime factors of x?
3
Let t = -15 - 6. Let h(d) = -d**3 + 5*d**2 + 5*d + 3. Let g be h(6). What are the prime factors of 1/g + t/(-9)?
2
Let q(t) be the second derivative of t**4/4 + 2*t**3/3 + 3*t**2/2 - 3*t. What are the prime factors of q(-2)?
7
Suppose 0*j - 2 = -j. Suppose j - 20 = -3*y. List the prime factors of y.
2, 3
Suppose -z = -9 - 23. List the prime factors of z.
2
Let w(g) = -g**3 + 6*g**2 - 4*g + 4. Let f = -1 + 6. What are the prime factors of w(f)?
3
Let b = 18 - 18. Suppose 2*o - 4*p - 14 = b, 3*o - 2 = 2*p + 11. List the prime factors of o.
3
Let q(x) = 2*x**2 - 6*x - 4. What are the prime factors of q(-4)?
2, 13
Suppose -391 = -2*m - 5*a, a + 162 - 573 = -2*m. List the prime factors of m.
2, 13
What are the prime factors of (-1 - 2)*70/(-6)?
5, 7
Let x(t) = -t**2 + 9*t + 1. Let j be x(9). Let k be ((-4)/j + 0)*-6. Suppose -4*o + 83 = h, -2*o + 19 = h - k. List the prime factors of o.
2, 5
Let q = 119 - -13. Suppose -q = -3*g - g. What are the prime factors of g?
3, 11
Let a(j) be the first derivative of j**3/3 - 9*j**2/2 + 2*j - 2. Let d be a(9). Suppose -24 = -d*t - t. List the prime factors of t.
2
Let a be (-22)/4 - 1/2. Let k = a - -16. What are the prime factors of k?
2, 5
Let i(y) = 2*y**2 + 4*y + 3. Let z be i(-2). Suppose k = -z*k + 12. Suppose 0*s = -k*s + 39. What are the prime factors of s?
13
Let m = -50 - -95. Suppose -4*p - p = -m. What are the prime factors of p?
3
Let r be 36/2*7/14. Suppose r*l = 4*l + 90. What are the prime factors of l?
2, 3
Let n(g) = g - 7*g**2 + 4*g**3 + 5 - 3*g**3 - 9. List the prime factors of n(7).
3
Suppose 2 = h - 7. Suppose -5*y + h = -2*y. What are the prime factors of y?
3
Suppose 7 = 5*u + 2*q, 2*u = 2*q + 13 + 1. Let b be 2/(2/u) + 13. Let p = -3 + b. What are the prime factors of p?
13
Let n(y) = -y**3 + 11*y**2 + 10*y + 26. What are the prime factors of n(11)?
2, 17
Let b be (-8)/6 - 3/(-9). What are the prime factors of (2/b)/2*-19?
19
Let h(w) = w**2 + 4*w + 30. List the prime factors of h(-14).
2, 5, 17
Suppose 0 = -4*a + 5*l + 31 - 114, 5*a + 4*l = -114. Let c = a + 36. What are the prime factors of c?
2, 7
Suppose 5*m + 10 = -5*y + 35, -3*y - 5*m + 5 = 0. What are the prime factors of y?
2, 5
Let v = 622 + -389. List the prime factors of v.
233
Let h = 3 + -6. Let d be 2 + h/((-6)/40). Suppose -41 = -3*n + d. List the prime factors of n.
3, 7
Let q(h) = -h**3 - 5*h**2 - 6*h + 3. Suppose 2 = -3*t - 13. What are the prime factors of q(t)?
3, 11
Suppose 278 = 5*i - 4*p - 18, -60 = -i + p. What are the prime factors of i?
2, 7
Let h(i) = -i**2 + 6*i + 7. Let p(q) = q**2 - 3. Let o be p(3). List the prime factors of h(o).
7
Suppose 2*j = -j + 21. What are the prime factors of ((-4)/(-6))/(j/84)?
2
Suppose 4*b - 143 = -5*x, 5*x - 77 = -2*b + 2. List the prime factors of b.
2
Let s(z) = 2*z - 6. Let c be 33/12 + (-1)/(-4). Suppose 23 = 4*g - c*a, 2*a = 5*g - 0*a - 27. List the prime factors of s(g).
2
Let h(c) = -c**2 + 5*c - 3. Let g = -5 + 9. Let t = g - 1. List the prime factors of h(t).
3
Let l(s) = -s**2 - 8*s + 7. Let z = -11 - -3. List the prime factors of l(z).
7
Let m(s) = 6*s**3 - 11*s**2 + 9*s - 10. Let g(k) = 5*k**3 - 10*k**2 + 8*k - 9. Let a(d) = -5*g(d) + 4*m(d). List the prime factors of a(4).
3, 7
Suppose -4*j + 594 = 2*j. What are the prime factors of j?
3, 11
Let y = 2 - 6. Let x be ((-1 - -1)*1)/(-2). Let u = x - y. What are the prime factors of u?
2
Suppose 0*z + 4*z = r - 35, r + 3*z = 35. What are the prime factors of r?
5, 7
Let a be (-3)/6 - (-59)/(-2). Suppose b + 11 = -9. Let l = b - a. List the prime factors of l.
2, 5
Let m(p) = 2*p**2 + 4*p + 2. Suppose -2*s = 3*j + 14, 0 = 3*j + 3*s + 7 + 11. Let u be m(j). List the prime factors of (u/4)/(6/60).
5
Let d = 30 + -18. Suppose -3*i + 6 = -d. Let l(q) = q**3 - 7*q**2 + 6*q + 5. What are the prime factors of l(i)?
5
Suppose -1 - 16 = d. Let h = -8 - d. What are the prime factors of h?
3
Let m = 9 + -21. What are the prime factors of m*3/18*-2?
2
Let x be (-4)/(49/(-17) + 3). List the prime factors of 3 + (x + 0)*-1.
37
Let z(u) = -u**2 - u + 1. Let i(p) = 3*p**2 + 10*p - 1. Let t(s) = -i(s) - 5*z(s). Let f be t(4). Suppose 0 = 5*m - 27 - f. List the prime factors of m.
7
Let i(d) = -d**2 - 5*d + 8. Let u be i(-6). Suppose -u*s - 4 = -4*s. Suppose 3*r = s*r + 7. What are the prime factors of r?
7
Suppose 0 = -2*k - 2*k, 4*k + 90 = 5*v. List the prime factors of v.
2, 3
Let f = -66 - -43. Let y = f + 47. What a